st derivative of d(u). Calculate n(-1).
1
Let x(w) = -4 + 6*w + 5*w - 9*w. Give x(5).
6
Let b(i) = -i**3 - 5*i**2 - 2*i + 2. Suppose 20 = h - 5*l, -3 - 1 = -2*h + l. Suppose -t + h*f - 2*f = 7, 5*t - 4*f + 21 = 0. What is b(t)?
12
Let s be (-9)/(-2) + 1/(-2). Let g(v) = 4*v + 3*v**2 - 2 + 6 - v**3 - 3. Determine g(s).
1
Let c(y) = 3*y - 7. Let o = 19 + -13. Calculate c(o).
11
Let p(r) = r**3 + 6*r**2 + 5*r - 4. Let n = -16 - -9. Let x(s) = s**2 + 6*s - 4. Let v be x(n). Suppose -v*c + 10 = -5*c. Give p(c).
-4
Let r(l) = -l**2 - 7*l - 4. Let o be -9 + -1 + 9 + -7. Let w = 2 + o. Give r(w).
2
Let n be 7/2*(-12)/(-6 - 0). Let o(c) = -2*c - 2. Calculate o(n).
-16
Let w be 8/((6/(-27))/1). Let j be ((-2)/(-6))/((-3)/w). Let y be 4 - (-1)/((-2)/j). Let k(v) = -v**2 + 5*v - 2. What is k(y)?
4
Let d(b) = -b**3 + 5*b**2 - 4*b. Let f = 11 - 7. Determine d(f).
0
Let n(z) be the second derivative of -5*z**4/12 + z**3/6 - z**2/2 - 11*z. Give n(1).
-5
Let z = 11 - 10. Let k = 25 + -15. Let q(a) = 1 - a - 2 + k*a. What is q(z)?
8
Let t(v) = 2*v - 6. Suppose 0 = -4*k + 5*g + 40, 3*k - 5*g + 0*g - 35 = 0. Determine t(k).
4
Let o(g) be the third derivative of g**6/120 + 2*g**5/15 + 3*g**3/2 + g**2 - 6. What is o(-8)?
9
Let d(v) = v**2 - 3*v - 2. Let q be 1/(-2)*(-12)/2. Calculate d(q).
-2
Let x = -20 - -25. Let w(y) = -y**3 + 4*y**2 - 2*y**2 + 5*y - x - y**2 + 2*y**2. Calculate w(4).
-1
Let b(g) = g**3 + 13*g**2 + 12*g + 4. Let s be b(-12). Suppose -3*a - s = -2*a. Let i(w) = -2*w + 0*w + 2 + 3*w. Calculate i(a).
-2
Let g = 61 + -61. Let c(y) = -y**3 + y**2 - y - 6. Determine c(g).
-6
Let j(l) be the second derivative of 4*l + 1/6*l**3 - 1/6*l**4 + 0 + 0*l**2 + 1/10*l**5. Give j(2).
10
Let k = 3 + 1. Let h(f) = 5*f + 2 + 8*f - k*f - 3. What is h(1)?
8
Let k = -39 + 235/6. Let q(b) be the second derivative of -3*b + 0 + 0*b**2 - k*b**3 + 1/12*b**4 + 1/4*b**5. Determine q(1).
5
Let w(p) = 2*p - 3. Let h(x) = -3*x + 4. Let n(l) = 3*h(l) + 4*w(l). Give n(-7).
7
Suppose -5 = -v, -18 = -s + 5*v - 63. Let i be 14/(-10) + (-8)/s. Let f(k) be the second derivative of 7*k**5/20 - k**3/6 - k**2/2 + 41*k. Determine f(i).
-7
Let o(t) = t**2 + 4*t + 6. Let y = 54 + -59. Determine o(y).
11
Let l(i) be the third derivative of -i**4/12 + i**3/2 - i**2. Suppose 13*z = -0*z - 65. What is l(z)?
13
Let m be (-6)/1 + -16 + 18. Let b(g) = 4 + 2*g + 4 - 4. What is b(m)?
-4
Let f(t) be the second derivative of 0 - 2/3*t**3 - 3*t + 3/2*t**2. Calculate f(3).
-9
Let k(t) = -6*t + 4. Let o(a) = -17*a + 13. Let n(z) = 9*z - 7. Let d(c) = 7*n(c) + 4*o(c). Let y(b) = -3*d(b) + 2*k(b). Calculate y(-2).
-7
Let s = 14 + -6. Let a be s/(1 + 1) + -3. Let h(y) = 3*y. Determine h(a).
3
Suppose -49*x + 20 = -45*x. Let o(q) = -q**3 + 5*q**2 + 2*q + 1. Calculate o(x).
11
Let u(z) = -z - 1. Let b = 3 - -1. Suppose 0 = 3*a + 2*p - 19, b*a + 3*p - 24 = a. Suppose -4*g + 0*g - 16 = -5*s, 14 = 2*g + a*s. Give u(g).
-2
Let h(f) = f**3 + f**2 - f. Suppose 2*d = -d - 6. Calculate h(d).
-2
Let j(h) be the first derivative of -1/2*h**3 + 1/12*h**4 + 0*h + h**2 + 2. Let v(u) be the second derivative of j(u). Give v(4).
5
Let a(p) = -p**3 + 5*p**2 + 3. Let k = -4 + 9. Suppose -2*i + 22 = -3*s, -k*i - 7 = -4*i + 3*s. Calculate a(i).
3
Let p(g) = g**3 - 5*g**2 + 5*g - 9. Let m be p(4). Let t(s) = -3*s + 4. Let j(k) = k. Let c(l) = 4*j(l) + t(l). What is c(m)?
-1
Let p(y) = y - 1. Suppose 0 = -c - 2*v - 2*v - 17, -3*v = c + 20. Let b = 34 + c. Determine p(b).
4
Let b(n) = -2 + 0*n + 877*n**2 - 880*n**2 + 4*n. Calculate b(2).
-6
Let p(r) = r + 7 - 5 - 3. What is p(-4)?
-5
Suppose 18 = -2*g - 4*u + 46, 40 = 4*g + 4*u. Let f(y) = 3*y - 4. Calculate f(g).
14
Let o(g) = 6*g + 0*g**2 - 3*g + 1 - g**2. Calculate o(5).
-9
Suppose 2*x - 4 = 2. Let l(b) be the second derivative of -1/4*b**4 + 1/3*b**x + 0 - 1/20*b**5 + b + 2*b**2. Calculate l(-3).
-2
Let u(z) be the second derivative of -z**4/12 + z**3/2 + z**2/2 + z. Let s = 10 - 6. Let d = 7 - s. What is u(d)?
1
Let l(d) = 2*d**2 + 3*d + 12. Let k(s) = s**2 - s + 1. Let a(u) = -3*k(u) + l(u). Let x be ((-1)/(-2))/(-1 + 45/42). Give a(x).
2
Let r be 0/1*(1 + 0). Let l(u) = u**2 + 4*u + 2. Let s be l(-4). Let o(y) = r - 4*y**2 - y**2 + 2*y**2 + y**3 - y + s. Determine o(3).
-1
Let m(f) = -5*f**2 + 7*f + 1. Let d(s) = s**2 - s. Let w(j) = 6*d(j) + m(j). Let v(n) = -2*n**2 - n + 1. Let r(b) = -v(b) - w(b). Give r(-3).
7
Let l(i) = 2 - i**2 - 3 - i + 3*i - 2 + 2*i**3. Suppose 0*m - 4 = -2*m. What is l(m)?
13
Let p(c) = -c**2 - 5*c - 1. Let q(l) be the first derivative of l**2/2 + 3*l - 4. Let x be q(-8). Determine p(x).
-1
Let f(a) = a**3 - 5*a**2 + 4*a - 4. Let v(i) be the first derivative of i**2 - 2*i - 1. Suppose y + 0*u = -u, -3*u = 9. Let j be v(y). Calculate f(j).
-4
Suppose 2*z - 16 = -d - d, 4*d + 3*z - 29 = 0. Suppose d*i - 3*j - 5 = 0, 2*j - 6 = i - 0. Let n(o) = -o**2 - i*o**2 + o**3 + 4 - o + 0*o. Calculate n(5).
-1
Suppose 2*f + 2 = 3*f. Suppose -5*c - 12 = f*l + 6, 0 = 4*c - 2*l. Let w(b) be the first derivative of b**4/4 + b**3 + 2*b + 1. Calculate w(c).
6
Let z(w) = 3*w - 11. Let c(v) = -2*v + 10. Let o(n) = -4*c(n) - 3*z(n). Determine o(-7).
0
Let f(w) = w - 7. Let i be 5/2*96/(-40). What is f(i)?
-13
Let j(n) = -2*n**3 + 2*n - 1. Let g = -65 + 63. Calculate j(g).
11
Let d(a) = -a**3 + 13*a**2 - 13*a + 10. Let h be 1/3*-2*(-36 - -18). What is d(h)?
-2
Let o(m) be the second derivative of m**4/12 - m**3/6 - m. Calculate o(0).
0
Suppose -25 = 5*a - 5, 2*v + 16 = -4*a. Let y(n) = -n - 4. What is y(v)?
-4
Let y = 12 + -7. Let r(v) = 2*v - 1. Let u(c) = -c + 1. Let h(q) = -2*r(q) - 5*u(q). What is h(y)?
2
Suppose -5*v - 7*v = -24. Let t(r) be the second derivative of 1/6*r**4 + 0 - 3/2*r**v + 4*r + 1/2*r**3. Determine t(-3).
6
Let w(r) = -3 - 2 - 5*r**2 - 5 + 6*r**2. Suppose v = 4*v. Determine w(v).
-10
Let v be 1/((-7)/42 - 1/(-3)). Let i(j) = -2*j + 5. Determine i(v).
-7
Let y(f) be the second derivative of -1/2*f**2 + 7/6*f**3 + 0 + f. Calculate y(1).
6
Let h(a) = -a**2 - 6*a. Suppose -66*j = -69*j - 12. Give h(j).
8
Let k = -1 + 5. Suppose 4*g = 4*d + 116, -d = k*g + 3 + 31. Let w be 3/(d/(-4))*-5. Let c(o) = o**2 + 2. Give c(w).
6
Let f(u) = u**2 - u - 4. Let i(o) = -o + 3*o**2 - o - 9 + o. Let k be 4/(-6)*(-30)/4. Let n(b) = k*f(b) - 2*i(b). Calculate n(-3).
-2
Let b(a) = a**3 - a**2 - 5. Let o(y) = -2*y + 6. Let j be o(3). What is b(j)?
-5
Let r(u) = -7*u**3 - 11*u**2 - 7*u - 5. Let h(s) = s**3 + s**2. Let x(c) = 6*h(c) + r(c). What is x(-4)?
7
Let n(q) = -q**3 + 6*q**2 + 2*q + 4. Let a(g) = g**3 + g. Let w(l) = -2*a(l) - n(l). Calculate w(-5).
-9
Let s(k) = -4 + 5 + 2*k**2 - 3*k**2 + k. Let r be s(0). Let x(b) = -2*b**2 + b. Calculate x(r).
-1
Let c = -3 - 2. Let z(l) = l - 7. Let u be z(6). Let j(a) = -4*a**2 - 8*a - 3. Let h(p) = p**2 + p + 1. Let d(q) = u*j(q) - 3*h(q). What is d(c)?
0
Let k(q) = q**2 + 3*q + 4. Suppose 3 = 2*l - 3. Let z be (3/(-9))/(3/(-207)). Suppose l*p = -5*o + 1, p + z = -4*p + 4*o. What is k(p)?
4
Let u = -12 + 13. Let g(s) = -u + s - 4 + 6. Determine g(-2).
-1
Let u(a) = -9*a - 2*a**3 + 0 - 4 + 3*a**3 + 10*a. Determine u(0).
-4
Let m(u) be the first derivative of 2*u**3/3 + u**2/2 + 15. Give m(1).
3
Let i(a) = 8*a + 0*a - 11*a + 1 - 5. Give i(5).
-19
Let w(l) be the first derivative of l**3/3 + 4*l**2 + 4*l + 2. Let u be ((-1)/(-2) - 0)*-10. Give w(u).
-11
Let v(r) = -r**2 - r. Suppose -23 + 4 = -3*l + i, 2*l + i = 11. Suppose 0 = -l*x - x. Determine v(x).
0
Let h(b) = 6*b**3 + b**2 + b - 1. Let y(s) = s**3 + 15*s**2 + 14*s + 1. Let d be y(-14). What is h(d)?
7
Let b(x) = 6*x - 5. Let t(d) = 13*d - 9. Let j(h) = 9*b(h) - 4*t(h). Calculate j(7).
5
Suppose 2 = -3*o - 10. Let i(n) = -n**2 - 6*n - 5. What is i(o)?
3
Suppose -5*u + 10*u = -10. Let n(c) = 20*c**2 + 23*c - 8. Let j(k) = -7*k**2 - 8*k + 3. Let o(r) = -17*j(r) - 6*n(r). Calculate o(u).
-3
Let d(f) be the first derivative of f**3/3 + 4*f**2 - 3*f - 13. What is d(-7)?
-10
Let m(a) = 3*a**3 + 6*a**2 + 8*a + 12. Let x(z) = -2*z**3 - 4*z**2 - 5*z - 8. Let u(d) = -5*m(d) - 7*x(d). Give u(-3).
20
Let s = -65 - -70. Let i(f) be the second derivative of -f**3/6 - 2*f**2 - f. Give i(s).
-9
Suppose -2*t - 2 + 6 = 0. Suppose 28 = c + 5*v, -22 = -2*c - 2*c - t*v. Let f(q) = q**3 - 